3*r - 3*w, 4*w + 20 = 5*r. Let q(g) = 2*g - 5. Calculate the remainder when r is divided by q(4).
2
Suppose 5*y - 40 = 30. What is the remainder when y is divided by 6?
2
Let f = -12 - -16. Calculate the remainder when 23 is divided by f.
3
Suppose 6*c - 2*c - 116 = 0. What is the remainder when c is divided by 6?
5
Let b(v) = 5*v**3 - 5. Calculate the remainder when 100 is divided by b(2).
30
Suppose 4*f = -m + 17 - 1, 28 = 4*f - 2*m. Suppose 0 = f*l - 145 - 20. What is the remainder when l is divided by 18?
15
What is the remainder when (-6)/21 - -8*(-176)/(-28) is divided by 14?
8
Let i = 11 + -10. Let x = 9 - i. What is the remainder when 29 is divided by x?
5
Calculate the remainder when 68 is divided by 136/6 + 4/12.
22
Suppose -125 = 7*k - 384. Calculate the remainder when 108 is divided by k.
34
Let o = -7 + 1. Calculate the remainder when 25 is divided by ((-13)/2)/(o/12).
12
Suppose -2*r = 3*r - 65. Let p = 11 + -3. Calculate the remainder when r is divided by p.
5
Let d(l) = -6*l + 68. What is the remainder when d(7) is divided by 11?
4
Let y = 36 + -22. Let j(x) = 2*x**3 - 9*x**2 + 7*x + 13. Calculate the remainder when j(4) is divided by y.
11
Suppose j - 5 = 0, -j + 2*j = -3*u + 41. What is the remainder when ((-70)/(-21))/(2/12) is divided by u?
8
Suppose -4*s - 5*c + 101 = 0, 119 = 4*s - 2*c + c. Calculate the remainder when 57 is divided by s.
28
Suppose 0 = -3*b + 4*z + 14 + 30, -3*b = -5*z - 43. Calculate the remainder when b is divided by 9.
7
Let f = 0 + 0. Suppose f*o + 8 = o. Let u(m) = -m**3 + 7*m**2 + 9*m + 3. Calculate the remainder when 21 is divided by u(o).
10
Let c be (-1 + 209/3)*3. Let t = -84 + c. Calculate the remainder when 38 is divided by t/6 + (-6)/18.
18
Let w be (110/(-3))/((-3)/36). Suppose w = 4*b + 104. Suppose -b = -2*g - g. Calculate the remainder when g is divided by 15.
13
Let o be (0 - -1)/(2/(-14)). Let d = -9 + 13. Let b = d - o. What is the remainder when 21 is divided by b?
10
Suppose -3*z + 3 = 0, 55 + 63 = 3*d + 4*z. Calculate the remainder when d is divided by 13.
12
Let n(c) = c + 13. Let t(f) = -f**3 - 7*f**2 + 7*f - 8. Let a be t(-8). Calculate the remainder when n(a) is divided by 7.
6
Suppose -w = -0*w. Let o = -28 - -66. Calculate the remainder when o is divided by w + 21 + (0 - 1).
18
Suppose -c - 15 - 3 = 0. Let s = c - -25. What is the remainder when 11 is divided by s?
4
Let s(p) = 3*p - 4*p + 2 + 1. What is the remainder when 2 is divided by s(2)?
0
Suppose -3*i + 15 = p, -2*p + 2*i + 1 = p. Suppose 2*f + 13 = -p. Let s = 15 + f. What is the remainder when 19 is divided by s?
5
Let k = -9 + 14. What is the remainder when 13 is divided by k?
3
Let j = -41 + 47. Suppose -40 = 4*v - 148. What is the remainder when v is divided by j?
3
Suppose -2*w - 5 = t - 50, t = 5*w + 24. Calculate the remainder when t is divided by 8.
7
Suppose -o + 4*p - 2 = 0, 5*o + p - 49 = 4. What is the remainder when 17 is divided by o?
7
Let q(x) be the third derivative of 0 + 0*x + 5/6*x**3 - 2*x**2 + 1/12*x**4. What is the remainder when q(6) is divided by 5?
2
Let r = 48 - 30. Calculate the remainder when 71 is divided by r.
17
Suppose 0 = 4*b, 0*w = 5*w + 5*b - 15. Suppose -w*l - 2*y = 4 - 31, 4*l = 2*y + 36. Calculate the remainder when 16 is divided by l.
7
Let l = 8 - -2. Let x(w) = -3*w + 3. Let r be x(-4). Let u = r - l. Calculate the remainder when 8 is divided by u.
3
Let n(h) = -h**2 + 15*h - 17. Let p(m) = m**3 + 7*m**2 - 8*m + 5. Calculate the remainder when n(12) is divided by p(-8).
4
Let f be 497/3 - (-1)/3. Suppose -f = -3*b + b. Calculate the remainder when b is divided by 21.
20
Let b(a) = 7*a - 4. Calculate the remainder when b(4) is divided by 13.
11
Suppose 73 = q + 4*q + 4*j, 35 = 3*q - 2*j. Let b be ((-8)/10)/(6/(-30)). Let g = b + 3. Calculate the remainder when q is divided by g.
6
Let b be 4 + (4 - 2 - 4). Suppose 3*x - 77 = -5*o, 5*o = -2*x + b*o + 50. What is the remainder when x is divided by 5?
4
Let x = 2 + 22. Calculate the remainder when x is divided by 7.
3
Let i = -46 - -68. Calculate the remainder when i is divided by (-2 - -3)/((-7)/(-42)).
4
Let z(c) = -c + 6. Calculate the remainder when 64 is divided by z(-5).
9
Let x = -28 - -43. Calculate the remainder when 47 is divided by ((-24)/10)/(x/(-100)).
15
Let j be (-19)/(-1 - (-2)/1). Let m = j - -40. What is the remainder when 82 is divided by m?
19
Suppose 187 = 2*r + i, i - 2*i - 457 = -5*r. Suppose -5*x + 72 + 72 = -3*a, 3*x = -a + r. What is the remainder when x is divided by 1 + 14 - (-1)/1?
14
Let w = -2 - -3. Calculate the remainder when 3 is divided by w.
0
What is the remainder when 65 is divided by (2 + 1)/(-3)*-22?
21
Let s = -594 + 641. Suppose -48 = -4*o - 4*z, 0 = 6*o - o - 5*z - 100. Calculate the remainder when s is divided by o.
15
Let d = 23 - 13. Suppose 3*y + y + 30 = 5*z, 13 = 4*z - y. Suppose z*c = g - 2*g + 43, -24 = -c - g. Calculate the remainder when c is divided by d.
9
Suppose v = 9*v - 328. What is the remainder when v is divided by 21?
20
Suppose 43 + 48 = w. What is the remainder when w is divided by 24?
19
Suppose -4*n - 4*v = -88, 3*v = -2*v + 15. Suppose 2*m - u = -2*m + 46, 4*u = m - n. Calculate the remainder when 20 is divided by m.
9
Let f = -104 - -273. Calculate the remainder when f is divided by 43.
40
Suppose 0 = -a + x + 2, -8*a + 4 = -3*a - 2*x. Suppose -18 = s - 3*p, a = -s + 2*s + 3*p. Let l = s + 33. What is the remainder when l is divided by 13?
11
Suppose a = -a + 12. What is the remainder when 52 is divided by a?
4
Suppose 3*u - 4*v = -4, 3*u + 2*v - 28 = -8. Suppose -46 = -3*w + a, -3*a = -u*w - 0*w + 63. What is the remainder when 43 is divided by w?
13
Let q = 6 - 3. Let r(v) = v + 3. What is the remainder when r(4) is divided by q?
1
Let p(n) = -n**3 + 6*n**2 + 10*n + 2. What is the remainder when p(7) is divided by 12?
11
Suppose -4 = y - 30. Calculate the remainder when y is divided by 1/((-1)/(-2 - 7)).
8
Let w = -51 - -148. What is the remainder when w is divided by 25?
22
Suppose 21 = 3*g + 3*m, 0 = -g + 3*m - 2 - 7. Suppose -6*s + g*s + 12 = 0. Suppose 0 = u + q - 7, -3*q = -4*q + s. What is the remainder when 7 is divided by u?
1
Let n(c) = 3*c - 15. What is the remainder when n(12) is divided by (-237)/(-21) - (-2)/(-7)?
10
Let a(i) = -2*i - 3. Let u be a(-3). Suppose -u*n + 79 = -14. What is the remainder when n is divided by ((-2)/(-4))/(2/44)?
9
Let v be ((-6)/(-1) - 3)/3. What is the remainder when 10 is divided by 2 + 1 + v*3?
4
Suppose 5*j = -4 + 69. Suppose h + 99 = 4*v, 2*h - 35 = -3*v + 42. What is the remainder when v is divided by j?
12
Suppose -p - 4*t + 0 + 2 = 0, 0 = p + 2*t - 8. Let z(s) = -27*s**3 - s**2 + s + 1. Calculate the remainder when z(-1) is divided by p.
12
Suppose 13*c - 35 = 8*c. Suppose 5*d = -0*d + 10. Calculate the remainder when c is divided by d.
1
Suppose -76 = -4*o - 4*t + 2*t, -47 = -3*o + t. Calculate the remainder when o is divided by 6.
5
Let h(a) = 3*a**3 - 4*a**2 + 3*a - 2. Let b(w) = -2*w**3 + 4*w**2 - 3*w + 1. Let l(z) = 4*b(z) + 3*h(z). What is the remainder when l(3) is divided by 18?
16
Let j(c) be the second derivative of 4*c**3/3 - 3*c**2 + 3*c. Calculate the remainder when j(4) is divided by 9.
8
Let x = -4 - -6. Let r = 12 - 3. Let p = -5 + r. What is the remainder when p is divided by x?
0
What is the remainder when -13*5/(-25)*10 is divided by 6?
2
Let f be 23/7 - (-2)/(-7). What is the remainder when 1 + (2 + 41 - 1) is divided by -4*11*f/(-6)?
21
Suppose 5*c - 40 = 5*z, 5*c - 36 + 14 = -4*z. Suppose -c = 2*g - 0. Let k = g + 13. What is the remainder when k is divided by 6?
4
Let t(g) = -g**2 + g - 2. Let f be t(4). Suppose 65 = 3*j - 40. Calculate the remainder when j is divided by (-60)/70*(0 + f).
11
Let s be 8/(-3)*171/(-12). Suppose 4*x - s = 2*k, 0 = -x + 3*x - 2*k - 24. Calculate the remainder when 24 is divided by x.
3
Let w(n) = 22 + 5*n + n + n**2 - 5*n. Calculate the remainder when ((-48)/5)/(12/(-80)) is divided by w(0).
20
Suppose 2*k = 9*k - 133. Calculate the remainder when k is divided by 7.
5
Let p(u) be the second derivative of 1/6*u**4 + 1/2*u**3 - 2*u**2 + 0 + 2*u. What is the remainder when p(-3) is divided by 2?
1
Let m = -35 + 52. Let q(f) = 7*f**2 - f. What is the remainder